it of d?
7
Let u(p) = 187*p**2 + 15*p - 18. Let k(h) = -62*h**2 - 5*h + 6. Let o(s) = 17*k(s) + 6*u(s). What is the hundreds digit of o(-3)?
5
Suppose -5*p = -4*p - 2. Let n = 19996 - 17644. Suppose 14*v = -p*v + n. What is the tens digit of v?
4
Let j(r) = 177*r**2 - 13*r + 175. What is the thousands digit of j(7)?
8
Suppose 21*n - 7502 - 4027 = 0. Suppose -n + 3042 = 9*a. What is the tens digit of a?
7
Let p = 19 + -16. Suppose -p*u - 147 = -468. Suppose -4*n = -89 - u. What is the tens digit of n?
4
Let f be 1*(1028/6)/((-38)/(-969)). Suppose -f + 12454 = 7*l. What is the hundreds digit of l?
1
Let r(l) = 2*l**3 - 14*l**2 - 10*l + 24. Let h be r(9). Suppose -h = c - 3*c. What is the tens digit of c?
2
Suppose 10*g = -6*g + 304. Let z(s) = 48*s - 108. What is the hundreds digit of z(g)?
8
Suppose 10*v = 7728 + 16942. Suppose 4*y + 963 = v. What is the units digit of y?
6
Let c be (-3 - (-2598)/(-18))*3*-4. What is the tens digit of 567/28*c/39?
1
Let j(z) = 26*z - 7. Let a be j(1). Suppose -a*o + 715 = -8*o. What is the tens digit of o?
6
Let x = -118 - 144. What is the units digit of x*((-9)/(-18) + -6)?
1
What is the units digit of (-591)/(-3)*(-53268)/(-138)?
2
Suppose 0 = 2*o - 6*n - 11191 - 9497, o - 10296 = -5*n. What is the thousands digit of o?
0
Suppose 0 = w + c - 2*c - 3, w - 5*c = -17. Suppose 2*z - 294 = -4*l + w*l, -421 = -3*z + 2*l. What is the units digit of z?
7
Let c(u) = 10*u + 444*u**3 - 32*u - 7*u**2 - 443*u**3. What is the tens digit of c(13)?
2
Suppose 4*t = -3*t - 5*t + 206556. What is the tens digit of t?
1
Let s = 693 - 452. Let n be 64/3 + (-294)/126. Let m = s - n. What is the tens digit of m?
2
Suppose -12903 = -4*y - 3*h, -4 = 11*h - 15*h. Let m = y + -1970. What is the tens digit of m?
5
Suppose p - 15 = 3. Let z(a) = -2*a + 52. Let n be z(p). Suppose -15*b = -n*b + 147. What is the units digit of b?
7
Suppose -a = 4*a. Suppose -h - d + 4 = a, h + 0 = 4*d - 6. Suppose -3*b = 2*s - 24, 3*s - h*b = -b + 36. What is the units digit of s?
2
Let c(d) = 16*d**3 + 3*d**2 + 19*d - 150. What is the tens digit of c(5)?
2
What is the tens digit of 199/(-6)*2388/(-8) - 45/36?
9
Suppose -21*w - 155 = -218. Suppose 3*d = 5*x - 1812 - 822, -w*d + 1566 = 3*x. What is the tens digit of x?
2
Let a(o) = 4*o + 67. Let l be a(-13). What is the hundreds digit of (-3)/(l/10) - (-389)/1?
3
Let l(p) = 2*p**2 - 138*p + 50. Let j be l(69). Let g be ((-6)/(-3))/((-4)/(-74)). Let w = j - g. What is the tens digit of w?
1
Let s(b) = -b. Let w(a) = a**2 + 16*a - 50. Let p(h) = 6*s(h) + w(h). What is the units digit of p(-20)?
0
Suppose -r - 570 = 9*r. Let u = 75 + r. Let q = 48 + u. What is the tens digit of q?
6
Let w(t) be the second derivative of 13*t**4/4 + t**3/6 - 2*t**2 + 159*t. Let o(c) = -c**2 - 6*c - 3. Let m be o(-5). What is the units digit of w(m)?
4
Suppose 14*h - 16*h - 10 = 0, 0 = -5*s + h + 16890. Suppose -5*r + s = -633. What is the tens digit of r?
0
Let x be 1/(-2) - (-2615)/2*3. Suppose 4*p - m - 7862 = 0, x = 2*p - 2*m + 6*m. What is the hundreds digit of p?
9
Suppose 20*s - 708840 = -24*s. What is the tens digit of s?
1
Let o(h) = h**2 - 43*h - 43. Let b(u) = u**2 - 44*u - 42. Let c(k) = -2*b(k) + 3*o(k). What is the hundreds digit of c(-20)?
1
Suppose -6*z + 8*z - 25 = -3*s, 3*z - 85 = 5*s. Suppose z*j = 52*j - 40448. What is the units digit of j?
4
Suppose 4*d - 10*f - 6244 = -5*f, -3122 = -2*d - 4*f. Suppose d = 4*c - 3*b, -200 = -2*c + 5*b + 577. What is the hundreds digit of c?
3
Let o = 42 - 39. Let a be (-1 + o)/(3*(-4)/(-12)). What is the tens digit of 4*a/4*1050/28?
7
Let l = 3 - -90. Suppose -102*m + 9972 = -l*m. What is the tens digit of m?
0
Let o(t) = -2*t**2 - 20*t + 2. Let u be o(-10). Let z(f) be the first derivative of 11*f**4/4 - 4*f**3/3 + 7*f**2/2 - 4*f - 18. What is the units digit of z(u)?
2
Suppose 7*u - 27*u + 82310 + 228830 = 0. What is the tens digit of u?
5
Suppose -4966 - 12437 = -5*c - 3*u, -4*c - 3*u + 13926 = 0. What is the units digit of c?
7
Suppose -170*s + 41*s + 14381224 = 209*s. What is the tens digit of s?
4
Let k = -65 - -280. Suppose 3*s = -2*s + k. Suppose 3*a = 4*x - 256, 5*a + s = x - 38. What is the units digit of x?
1
Suppose -24*k = -80781 - 81003. What is the units digit of k?
1
Let s = 4632 + -1172. Suppose -5*x - 5*r + s = 1030, x - 466 = 4*r. What is the units digit of x?
2
What is the units digit of (9/18)/(63/(-28)) + 8356/18?
4
Let f(r) be the first derivative of -r**3 + 22*r**2 + 20*r - 23. Let m be f(15). Suppose m*h + 3*a - 318 = 0, a - 88 = -2*h + 40. What is the units digit of h?
6
Suppose 24*f - 66424 = 27608. Suppose -f = -19*k + 6342. What is the units digit of k?
0
Let u = 841 + -1207. Let b = u - -978. What is the hundreds digit of b?
6
Let w = -23452 - -25669. What is the thousands digit of w?
2
Let q = -50786 - -73002. What is the units digit of q?
6
Let v = 28 + -21. Suppose v*p - 2055 = -263. What is the units digit of p?
6
Suppose -275305 = -41*n + 3126. What is the hundreds digit of n?
7
Let r(l) = 41503*l**2 + 9*l. What is the thousands digit of r(1)?
1
Suppose q - 8 = 5*y + 11, 0 = -5*q - 3*y + 11. Let f = 8 - 6. Suppose -4*j + q = 0, f*m - j + 32 = 77. What is the tens digit of m?
2
Suppose 5*g = -2*l + 35144, 3*l + 4*g - 52723 = -0*g. What is the thousands digit of l?
7
Suppose 5*a + 2*i + 4318 = -307, 4625 = -5*a + 5*i. Let u = a + 511. Let w = -228 - u. What is the units digit of w?
6
Let g be (9/18 - (-5)/(-2)) + 6. Suppose 0 = -4*k - j + 3*j + 346, g*k - 3*j = 341. What is the units digit of k?
9
Suppose -6*p + 7*p - 3 = 0. Suppose p*l = 610 + 656. Suppose 3*j = l - 128. What is the units digit of j?
8
Suppose 2*a + 15 = 7*a. Suppose 4 = -5*u + a*u. What is the units digit of ((1 + -28)/(-3))/(u/(-2))?
9
Suppose 765 = -2*p - 3*s + 2517, s = -3*p + 2614. Suppose p = 7*w + 37. Suppose 14 = -k + w. What is the hundreds digit of k?
1
Let l(h) = -6797*h + 1755. What is the hundreds digit of l(-4)?
9
Suppose 151*l = 142*l + 36. Suppose -4*s = -l*t + 440, -4*s = -3*t + 321 + 14. What is the units digit of t?
5
Suppose 0 = -27*a + 1683332 - 72107. What is the thousands digit of a?
9
Suppose 0 = -0*n + n - 3. Let y be (-4 - -4)*(7/2 - n). What is the tens digit of (-9)/(y - -1)*-23?
0
Suppose n + n - 1 = 3*p, 5*n - 11 = -p. Suppose 0*y = -3*d + 4*y + 11, 2*d - 4*y - n = 0. What is the units digit of (98/3)/(d/27)?
8
Suppose -7*q + 210 = 28. Suppose -4026 = -q*k + 4*k. What is the units digit of k?
3
Let h be (-42)/28 - (-13)/(-2). What is the tens digit of (-149 + -3)/(h/28)?
3
Let j(i) = i**3 + 8*i**2 - 16*i - 18. What is the hundreds digit of j(8)?
8
What is the tens digit of ((-4640)/(-120))/(20/3495)?
5
Let j(l) = 1699*l**2 + 65*l - 126. What is the thousands digit of j(2)?
6
Suppose 0 = -3*d - 4 + 1. Let o(r) = -183*r**3 - r**2 + r + 2. Let t be o(d). Suppose -13*w - t = -911. What is the tens digit of w?
5
Let p = 1661 + -931. Suppose 3*d - 2188 = 2*y + 2*y, p = d - 2*y. What is the units digit of d?
8
Let f = -73 - -75. What is the units digit of 2 - ((-2432)/4 - f)?
2
Let u = -3215 + 8555. What is the hundreds digit of u?
3
Let x be -52*2/1*-1. Suppose 15*j - x = 11*j. Suppose 5*y = c + 98, -3*c + j = 4*y - 60. What is the units digit of y?
0
Let j = -78 - -153. Suppose j*x - 456 = 73*x. What is the hundreds digit of x?
2
Suppose 24*i - 168 = 12*i. What is the hundreds digit of i*(-2)/4 - -648?
6
Suppose -17 = -10*h + 3. Suppose -3*r = -4*r + h. Suppose -3*w + w + 5*o + 205 = 0, -r*w + 198 = 2*o. What is the tens digit of w?
0
Suppose -97364 = -27*u - 12179. What is the thousands digit of u?
3
Suppose 6*w = 880 - 172. Let t = w - 115. Suppose 7*p = t*p + l + 79, -23 = -p - 3*l. What is the tens digit of p?
2
Let r be (-936)/28 + (-3)/21*4. Let k = -117 - -224. Let i = k + r. What is the tens digit of i?
7
Suppose 2*g - 2 = 0, h + 129 = -3*h + g. Let k be (h/40)/((-2)/90). Suppose -k = 3*r - 7*r. What is the units digit of r?
9
Let t = 1409 - 978. Suppose -w = -4*s + 3*w - 844, t = -2*s + 5*w. What is the units digit of s/(-3) - 7/21?
9
Suppose 0 = 11268*i - 11255*i - 43342. What is the hundreds digit of i?
3
Suppose 5*j = -3*h + 64, 21*j - h + 36 = 24*j. What is the hundreds digit of -58*j/33*(-246)/4?
1
Suppose -3 - 6 = -3*w. Let h(y) = 7